{"id":212,"date":"2019-12-04T21:47:33","date_gmt":"2019-12-04T20:47:33","guid":{"rendered":"https:\/\/tournois-tarot-belote.projets-sh.enssat.fr\/?page_id=212"},"modified":"2019-12-17T01:38:50","modified_gmt":"2019-12-17T00:38:50","slug":"equipe","status":"publish","type":"page","link":"https:\/\/tournois-tarot-belote.projets-sh.enssat.fr\/index.php\/equipe","title":{"rendered":"\u00c9quipe"},"content":{"rendered":"\t\t<div data-elementor-type=\"wp-page\" data-elementor-id=\"212\" class=\"elementor elementor-212\">\n\t\t\t\t\t\t<section class=\"elementor-section elementor-inner-section elementor-element elementor-element-25ffa41e elementor-section-boxed elementor-section-height-default elementor-section-height-default\" data-id=\"25ffa41e\" data-element_type=\"section\" data-settings=\"{&quot;background_background&quot;:&quot;classic&quot;}\">\n\t\t\t\t\t\t<div class=\"elementor-container elementor-column-gap-default\">\n\t\t\t\t\t<div class=\"elementor-column elementor-col-33 elementor-inner-column elementor-element elementor-element-348f4311\" data-id=\"348f4311\" data-element_type=\"column\">\n\t\t\t<div class=\"elementor-widget-wrap elementor-element-populated\">\n\t\t\t\t\t\t<div class=\"elementor-element elementor-element-14e87494 elementor-widget elementor-widget-image\" data-id=\"14e87494\" data-element_type=\"widget\" data-widget_type=\"image.default\">\n\t\t\t\t<div class=\"elementor-widget-container\">\n\t\t\t\t\t\t\t\t\t\t\t\t\t\t\t<img decoding=\"async\" src=\"https:\/\/tournois-tarot-belote.projets-sh.enssat.fr\/wp-content\/uploads\/elementor\/thumbs\/LOGOv2.4WFilled-ohorqsyp9hzdpim5x4rcgp0dy13lv8qe4cm1f1337k.png\" title=\"LOGOv2.4WFilled\" alt=\"LOGOv2.4WFilled\" loading=\"lazy\" \/>\t\t\t\t\t\t\t\t\t\t\t\t\t\t\t<\/div>\n\t\t\t\t<\/div>\n\t\t\t\t\t<\/div>\n\t\t<\/div>\n\t\t\t\t<div class=\"elementor-column elementor-col-33 elementor-inner-column elementor-element elementor-element-4200bb20\" data-id=\"4200bb20\" data-element_type=\"column\">\n\t\t\t<div class=\"elementor-widget-wrap elementor-element-populated\">\n\t\t\t\t\t\t<div class=\"elementor-element elementor-element-68423da2 elementor-widget elementor-widget-ekit-nav-menu\" data-id=\"68423da2\" data-element_type=\"widget\" data-widget_type=\"ekit-nav-menu.default\">\n\t\t\t\t<div class=\"elementor-widget-container\">\n\t\t\t\t\t\t\t<nav class=\"ekit-wid-con ekit_menu_responsive_tablet\" \n\t\t\tdata-hamburger-icon=\"\" \n\t\t\tdata-hamburger-icon-type=\"icon\" \n\t\t\tdata-responsive-breakpoint=\"1024\">\n\t\t\t            <button class=\"elementskit-menu-hamburger elementskit-menu-toggler\"  type=\"button\" aria-label=\"hamburger-icon\">\n                                    <span class=\"elementskit-menu-hamburger-icon\"><\/span><span class=\"elementskit-menu-hamburger-icon\"><\/span><span class=\"elementskit-menu-hamburger-icon\"><\/span>\n                            <\/button>\n            <div id=\"ekit-megamenu-menu-principal\" class=\"elementskit-menu-container elementskit-menu-offcanvas-elements elementskit-navbar-nav-default ekit-nav-menu-one-page-no ekit-nav-dropdown-hover\"><ul id=\"menu-menu-principal\" class=\"elementskit-navbar-nav elementskit-menu-po-center submenu-click-on-icon\"><li id=\"menu-item-481\" class=\"menu-item menu-item-type-post_type menu-item-object-page menu-item-home menu-item-481 nav-item elementskit-mobile-builder-content\" data-vertical-menu=750px><a href=\"https:\/\/tournois-tarot-belote.projets-sh.enssat.fr\/\" class=\"ekit-menu-nav-link\"><i class=\"obfx-menu-icon fa fa-home\"><\/i>Accueil<\/a><\/li>\n<li id=\"menu-item-571\" class=\"menu-item menu-item-type-post_type menu-item-object-page menu-item-has-children menu-item-571 nav-item elementskit-dropdown-has relative_position elementskit-dropdown-menu-default_width elementskit-mobile-builder-content\" data-vertical-menu=750px><a href=\"https:\/\/tournois-tarot-belote.projets-sh.enssat.fr\/index.php\/equipe\" class=\"ekit-menu-nav-link ekit-menu-dropdown-toggle\"><i class=\"obfx-menu-icon fa fa-users\"><\/i>\u00c9quipes<i aria-hidden=\"true\" class=\"icon icon-down-arrow1 elementskit-submenu-indicator\"><\/i><\/a>\n<ul class=\"elementskit-dropdown elementskit-submenu-panel\">\n\t<li id=\"menu-item-574\" class=\"menu-item menu-item-type-post_type menu-item-object-page menu-item-574 nav-item elementskit-mobile-builder-content\" data-vertical-menu=750px><a href=\"https:\/\/tournois-tarot-belote.projets-sh.enssat.fr\/index.php\/equipe\" class=\" dropdown-item\">\u00c9dition 2020<\/a>\t<li id=\"menu-item-566\" class=\"menu-item menu-item-type-post_type menu-item-object-page menu-item-566 nav-item elementskit-mobile-builder-content\" data-vertical-menu=750px><a href=\"https:\/\/tournois-tarot-belote.projets-sh.enssat.fr\/index.php\/edition-precedente\" class=\" dropdown-item\">\u00c9dition 2019<\/a><\/ul>\n<\/li>\n<li id=\"menu-item-226\" class=\"menu-item menu-item-type-post_type menu-item-object-page menu-item-226 nav-item elementskit-mobile-builder-content\" data-vertical-menu=750px><a href=\"https:\/\/tournois-tarot-belote.projets-sh.enssat.fr\/index.php\/contact\" class=\"ekit-menu-nav-link\"><i class=\"obfx-menu-icon fa fa-comment\"><\/i>Contact<\/a><\/li>\n<li id=\"menu-item-589\" class=\"menu-item menu-item-type-post_type menu-item-object-page menu-item-589 nav-item elementskit-mobile-builder-content\" data-vertical-menu=750px><a href=\"https:\/\/tournois-tarot-belote.projets-sh.enssat.fr\/index.php\/nos-partenaires\" class=\"ekit-menu-nav-link\"><i class=\"obfx-menu-icon fa fa-rocket\"><\/i>Partenaires<\/a><\/li>\n<\/ul><div class=\"elementskit-nav-identity-panel\"><a class=\"elementskit-nav-logo\" href=\"https:\/\/tournois-tarot-belote.projets-sh.enssat.fr\" target=\"\" rel=\"\"><img src=\"https:\/\/tournois-tarot-belote.projets-sh.enssat.fr\/wp-content\/uploads\/2019\/12\/LOGOv2.4WFilled.png\" title=\"LOGOv2.4WFilled\" alt=\"LOGOv2.4WFilled\" decoding=\"async\" \/><\/a><button class=\"elementskit-menu-close elementskit-menu-toggler\" type=\"button\">X<\/button><\/div><\/div>\t\t\t\n\t\t\t<div class=\"elementskit-menu-overlay elementskit-menu-offcanvas-elements elementskit-menu-toggler ekit-nav-menu--overlay\"><\/div>        <\/nav>\n\t\t\t\t\t\t<\/div>\n\t\t\t\t<\/div>\n\t\t\t\t\t<\/div>\n\t\t<\/div>\n\t\t\t\t<div class=\"elementor-column elementor-col-33 elementor-inner-column elementor-element elementor-element-1e189b19 elementor-hidden-tablet elementor-hidden-phone\" data-id=\"1e189b19\" data-element_type=\"column\">\n\t\t\t<div class=\"elementor-widget-wrap elementor-element-populated\">\n\t\t\t\t\t\t<div class=\"elementor-element elementor-element-5dff8f63 elementor-shape-rounded elementor-grid-0 e-grid-align-center elementor-widget elementor-widget-social-icons\" data-id=\"5dff8f63\" data-element_type=\"widget\" data-widget_type=\"social-icons.default\">\n\t\t\t\t<div class=\"elementor-widget-container\">\n\t\t\t\t\t\t\t<div class=\"elementor-social-icons-wrapper elementor-grid\" role=\"list\">\n\t\t\t\t\t\t\t<span class=\"elementor-grid-item\" role=\"listitem\">\n\t\t\t\t\t<a class=\"elementor-icon elementor-social-icon elementor-social-icon-icon-facebook elementor-repeater-item-b1e7547\" href=\"https:\/\/fb.me\/TournoisTarotBeloteEchecs\" target=\"_blank\">\n\t\t\t\t\t\t<span class=\"elementor-screen-only\">Icon-facebook<\/span>\n\t\t\t\t\t\t<i aria-hidden=\"true\" class=\"icon icon-facebook\"><\/i>\t\t\t\t\t<\/a>\n\t\t\t\t<\/span>\n\t\t\t\t\t\t\t<span class=\"elementor-grid-item\" role=\"listitem\">\n\t\t\t\t\t<a class=\"elementor-icon elementor-social-icon elementor-social-icon-facebook-messenger elementor-repeater-item-6750867\" href=\"https:\/\/m.me\/TournoisTarotBeloteEchecs\" target=\"_blank\">\n\t\t\t\t\t\t<span class=\"elementor-screen-only\">Facebook-messenger<\/span>\n\t\t\t\t\t\t<i aria-hidden=\"true\" class=\"fab fa-facebook-messenger\"><\/i>\t\t\t\t\t<\/a>\n\t\t\t\t<\/span>\n\t\t\t\t\t<\/div>\n\t\t\t\t\t\t<\/div>\n\t\t\t\t<\/div>\n\t\t\t\t\t<\/div>\n\t\t<\/div>\n\t\t\t\t\t<\/div>\n\t\t<\/section>\n\t\t\t\t<section class=\"elementor-section elementor-top-section elementor-element elementor-element-7a972800 elementor-section-boxed elementor-section-height-default elementor-section-height-default\" data-id=\"7a972800\" data-element_type=\"section\">\n\t\t\t\t\t\t<div class=\"elementor-container elementor-column-gap-default\">\n\t\t\t\t\t<div class=\"elementor-column elementor-col-100 elementor-top-column elementor-element elementor-element-127d0ba\" data-id=\"127d0ba\" data-element_type=\"column\">\n\t\t\t<div class=\"elementor-widget-wrap elementor-element-populated\">\n\t\t\t\t\t\t<div class=\"elementor-element elementor-element-ac6a0a0 elementor-widget elementor-widget-heading\" data-id=\"ac6a0a0\" data-element_type=\"widget\" data-widget_type=\"heading.default\">\n\t\t\t\t<div class=\"elementor-widget-container\">\n\t\t\t\t\t<h2 class=\"elementor-heading-title elementor-size-default\">- Notre \u00c9quipe -<\/h2>\t\t\t\t<\/div>\n\t\t\t\t<\/div>\n\t\t\t\t<div class=\"elementor-element elementor-element-d48bcb6 elementor-widget elementor-widget-image\" data-id=\"d48bcb6\" data-element_type=\"widget\" data-widget_type=\"image.default\">\n\t\t\t\t<div class=\"elementor-widget-container\">\n\t\t\t\t\t\t\t\t\t\t\t\t\t\t\t<img decoding=\"async\" src=\"https:\/\/tournois-tarot-belote.projets-sh.enssat.fr\/wp-content\/uploads\/2019\/12\/75453503_2543775642372324_858041690152239104_n.jpg\" title=\"75453503_2543775642372324_858041690152239104_n\" alt=\"75453503_2543775642372324_858041690152239104_n\" loading=\"lazy\" \/>\t\t\t\t\t\t\t\t\t\t\t\t\t\t\t<\/div>\n\t\t\t\t<\/div>\n\t\t\t\t\t<\/div>\n\t\t<\/div>\n\t\t\t\t\t<\/div>\n\t\t<\/section>\n\t\t\t\t<section class=\"elementor-section elementor-top-section elementor-element elementor-element-a839e74 elementor-section-boxed elementor-section-height-default elementor-section-height-default\" data-id=\"a839e74\" data-element_type=\"section\">\n\t\t\t\t\t\t<div class=\"elementor-container elementor-column-gap-default\">\n\t\t\t\t\t<div class=\"elementor-column elementor-col-100 elementor-top-column elementor-element elementor-element-dc6d6a1\" data-id=\"dc6d6a1\" data-element_type=\"column\">\n\t\t\t<div class=\"elementor-widget-wrap elementor-element-populated\">\n\t\t\t\t\t\t<div class=\"elementor-element elementor-element-d6d292a elementor-widget elementor-widget-text-editor\" data-id=\"d6d292a\" data-element_type=\"widget\" data-widget_type=\"text-editor.default\">\n\t\t\t\t<div class=\"elementor-widget-container\">\n\t\t\t\t\t\t\t\t\t<div>H\u00e9lo\u00efse Ostier &#8211; Coordinatrice<\/div><div>Thibault Gaudier &#8211; Tr\u00e9sorier<\/div><div>Simon Colombel &#8211; Responsable S\u00e9curit\u00e9<\/div><div>Thomas Lepercq &#8211; Responsable Administratif<\/div><div>Tony Chouteau &#8211; Responsable Communication &amp; Sponsors<\/div>\t\t\t\t\t\t\t\t<\/div>\n\t\t\t\t<\/div>\n\t\t\t\t\t<\/div>\n\t\t<\/div>\n\t\t\t\t\t<\/div>\n\t\t<\/section>\n\t\t\t\t<section class=\"elementor-section elementor-top-section elementor-element elementor-element-dab0700 elementor-section-boxed elementor-section-height-default elementor-section-height-default\" data-id=\"dab0700\" data-element_type=\"section\">\n\t\t\t\t\t\t<div class=\"elementor-container elementor-column-gap-default\">\n\t\t\t\t\t<div class=\"elementor-column elementor-col-100 elementor-top-column elementor-element elementor-element-c89ec46\" data-id=\"c89ec46\" data-element_type=\"column\">\n\t\t\t<div class=\"elementor-widget-wrap elementor-element-populated\">\n\t\t\t\t\t\t<div class=\"elementor-element elementor-element-f06add4 elementor-widget elementor-widget-html\" data-id=\"f06add4\" data-element_type=\"widget\" data-widget_type=\"html.default\">\n\t\t\t\t<div class=\"elementor-widget-container\">\n\t\t\t\t\t<!-- Load Facebook SDK for JavaScript -->\n      <div id=\"fb-root\"><\/div>\n      <script>\n        window.fbAsyncInit = function() {\n          FB.init({\n            xfbml            : true,\n            version          : 'v5.0'\n          });\n        };\n\n        (function(d, s, id) {\n        var js, fjs = d.getElementsByTagName(s)[0];\n        if (d.getElementById(id)) return;\n        js = d.createElement(s); js.id = id;\n        js.src = 'https:\/\/connect.facebook.net\/fr_FR\/sdk\/xfbml.customerchat.js';\n        fjs.parentNode.insertBefore(js, fjs);\n      }(document, 'script', 'facebook-jssdk'));<\/script>\n\n      <!-- Your customer chat code -->\n      <div class=\"fb-customerchat\"\n        attribution=setup_tool\n        page_id=\"101383468021495\"\n  theme_color=\"#0084ff\"\n  logged_in_greeting=\"Bonjour, comment pouvons-nous vous aider ?\"\n  logged_out_greeting=\"Bonjour, comment pouvons-nous vous aider ?\">\n      <\/div>\t\t\t\t<\/div>\n\t\t\t\t<\/div>\n\t\t\t\t\t<\/div>\n\t\t<\/div>\n\t\t\t\t\t<\/div>\n\t\t<\/section>\n\t\t\t\t<section class=\"elementor-section elementor-top-section elementor-element elementor-element-4efe83b5 elementor-section-boxed elementor-section-height-default elementor-section-height-default\" data-id=\"4efe83b5\" data-element_type=\"section\" data-settings=\"{&quot;background_background&quot;:&quot;classic&quot;}\">\n\t\t\t\t\t\t<div class=\"elementor-container elementor-column-gap-default\">\n\t\t\t\t\t<div class=\"elementor-column elementor-col-50 elementor-top-column elementor-element elementor-element-74e29582\" data-id=\"74e29582\" data-element_type=\"column\">\n\t\t\t<div class=\"elementor-widget-wrap elementor-element-populated\">\n\t\t\t\t\t\t<div class=\"elementor-element elementor-element-17ab7290 elementor-widget elementor-widget-image\" data-id=\"17ab7290\" data-element_type=\"widget\" data-widget_type=\"image.default\">\n\t\t\t\t<div class=\"elementor-widget-container\">\n\t\t\t\t\t\t\t\t\t\t\t\t\t\t\t\t<a href=\"https:\/\/elementskit.xpeedstudio.com\/\">\n\t\t\t\t\t\t\t<img decoding=\"async\" width=\"150\" height=\"150\" src=\"https:\/\/tournois-tarot-belote.projets-sh.enssat.fr\/wp-content\/uploads\/2019\/12\/LOGOv2.5N-150x150.png\" class=\"attachment-thumbnail size-thumbnail wp-image-181\" alt=\"\" srcset=\"https:\/\/tournois-tarot-belote.projets-sh.enssat.fr\/wp-content\/uploads\/2019\/12\/LOGOv2.5N-150x150.png 150w, https:\/\/tournois-tarot-belote.projets-sh.enssat.fr\/wp-content\/uploads\/2019\/12\/LOGOv2.5N-300x300.png 300w, https:\/\/tournois-tarot-belote.projets-sh.enssat.fr\/wp-content\/uploads\/2019\/12\/LOGOv2.5N-768x767.png 768w, https:\/\/tournois-tarot-belote.projets-sh.enssat.fr\/wp-content\/uploads\/2019\/12\/LOGOv2.5N-1024x1022.png 1024w, https:\/\/tournois-tarot-belote.projets-sh.enssat.fr\/wp-content\/uploads\/2019\/12\/LOGOv2.5N-250x250.png 250w, https:\/\/tournois-tarot-belote.projets-sh.enssat.fr\/wp-content\/uploads\/2019\/12\/LOGOv2.5N-174x174.png 174w, https:\/\/tournois-tarot-belote.projets-sh.enssat.fr\/wp-content\/uploads\/2019\/12\/LOGOv2.5N.png 1649w\" sizes=\"(max-width: 150px) 100vw, 150px\" \/>\t\t\t\t\t\t\t\t<\/a>\n\t\t\t\t\t\t\t\t\t\t\t\t\t\t\t<\/div>\n\t\t\t\t<\/div>\n\t\t\t\t\t<\/div>\n\t\t<\/div>\n\t\t\t\t<div class=\"elementor-column elementor-col-50 elementor-top-column elementor-element elementor-element-35e5dfc6\" data-id=\"35e5dfc6\" data-element_type=\"column\">\n\t\t\t<div class=\"elementor-widget-wrap elementor-element-populated\">\n\t\t\t\t\t\t<div class=\"elementor-element elementor-element-4ac4e394 elementor-widget elementor-widget-heading\" data-id=\"4ac4e394\" data-element_type=\"widget\" data-widget_type=\"heading.default\">\n\t\t\t\t<div class=\"elementor-widget-container\">\n\t\t\t\t\t<h4 class=\"elementor-heading-title elementor-size-default\">Place de Viveiro, Lannion 22300<\/h4>\t\t\t\t<\/div>\n\t\t\t\t<\/div>\n\t\t\t\t<div class=\"elementor-element elementor-element-3bc08172 e-grid-align-left elementor-shape-rounded elementor-grid-0 elementor-widget elementor-widget-social-icons\" data-id=\"3bc08172\" data-element_type=\"widget\" data-widget_type=\"social-icons.default\">\n\t\t\t\t<div class=\"elementor-widget-container\">\n\t\t\t\t\t\t\t<div class=\"elementor-social-icons-wrapper elementor-grid\" role=\"list\">\n\t\t\t\t\t\t\t<span class=\"elementor-grid-item\" role=\"listitem\">\n\t\t\t\t\t<a class=\"elementor-icon elementor-social-icon elementor-social-icon-icon-facebook elementor-repeater-item-b1e7547\" href=\"https:\/\/fb.me\/TournoiTarotBeloteEchecs\" target=\"_blank\">\n\t\t\t\t\t\t<span class=\"elementor-screen-only\">Icon-facebook<\/span>\n\t\t\t\t\t\t<i aria-hidden=\"true\" class=\"icon icon-facebook\"><\/i>\t\t\t\t\t<\/a>\n\t\t\t\t<\/span>\n\t\t\t\t\t\t\t<span class=\"elementor-grid-item\" role=\"listitem\">\n\t\t\t\t\t<a class=\"elementor-icon elementor-social-icon elementor-social-icon-facebook-messenger elementor-repeater-item-6750867\" href=\"https:\/\/m.me\/TournoiTarotBeloteEchecs\" target=\"_blank\">\n\t\t\t\t\t\t<span class=\"elementor-screen-only\">Facebook-messenger<\/span>\n\t\t\t\t\t\t<i aria-hidden=\"true\" class=\"fab fa-facebook-messenger\"><\/i>\t\t\t\t\t<\/a>\n\t\t\t\t<\/span>\n\t\t\t\t\t<\/div>\n\t\t\t\t\t\t<\/div>\n\t\t\t\t<\/div>\n\t\t\t\t<div class=\"elementor-element elementor-element-7ace86f6 elementor-widget elementor-widget-heading\" data-id=\"7ace86f6\" data-element_type=\"widget\" data-widget_type=\"heading.default\">\n\t\t\t\t<div class=\"elementor-widget-container\">\n\t\t\t\t\t<h4 class=\"elementor-heading-title elementor-size-default\">\u00a9 2019, <strong>Team TCBE.<\/strong> Tout droits r\u00e9serv\u00e9s.<\/h4>\t\t\t\t<\/div>\n\t\t\t\t<\/div>\n\t\t\t\t\t<\/div>\n\t\t<\/div>\n\t\t\t\t\t<\/div>\n\t\t<\/section>\n\t\t\t\t<\/div>\n\t\t","protected":false},"excerpt":{"rendered":"<p>Accueil \u00c9quipes \u00c9dition 2020 \u00c9dition 2019 Contact Partenaires X Icon-facebook Facebook-messenger &#8211; Notre \u00c9quipe &#8211; H\u00e9lo\u00efse Ostier &#8211; CoordinatriceThibault Gaudier &#8211; Tr\u00e9sorierSimon Colombel &#8211; Responsable S\u00e9curit\u00e9Thomas Lepercq &#8211; Responsable AdministratifTony Chouteau &#8211; Responsable Communication &amp; Sponsors Place de Viveiro, Lannion 22300 Icon-facebook Facebook-messenger \u00a9 2019, Team TCBE. Tout droits r\u00e9serv\u00e9s.<\/p>\n","protected":false},"author":2,"featured_media":0,"parent":0,"menu_order":0,"comment_status":"closed","ping_status":"closed","template":"elementor_canvas","meta":{"footnotes":""},"class_list":["post-212","page","type-page","status-publish","hentry"],"_links":{"self":[{"href":"https:\/\/tournois-tarot-belote.projets-sh.enssat.fr\/index.php\/wp-json\/wp\/v2\/pages\/212","targetHints":{"allow":["GET"]}}],"collection":[{"href":"https:\/\/tournois-tarot-belote.projets-sh.enssat.fr\/index.php\/wp-json\/wp\/v2\/pages"}],"about":[{"href":"https:\/\/tournois-tarot-belote.projets-sh.enssat.fr\/index.php\/wp-json\/wp\/v2\/types\/page"}],"author":[{"embeddable":true,"href":"https:\/\/tournois-tarot-belote.projets-sh.enssat.fr\/index.php\/wp-json\/wp\/v2\/users\/2"}],"replies":[{"embeddable":true,"href":"https:\/\/tournois-tarot-belote.projets-sh.enssat.fr\/index.php\/wp-json\/wp\/v2\/comments?post=212"}],"version-history":[{"count":22,"href":"https:\/\/tournois-tarot-belote.projets-sh.enssat.fr\/index.php\/wp-json\/wp\/v2\/pages\/212\/revisions"}],"predecessor-version":[{"id":612,"href":"https:\/\/tournois-tarot-belote.projets-sh.enssat.fr\/index.php\/wp-json\/wp\/v2\/pages\/212\/revisions\/612"}],"wp:attachment":[{"href":"https:\/\/tournois-tarot-belote.projets-sh.enssat.fr\/index.php\/wp-json\/wp\/v2\/media?parent=212"}],"curies":[{"name":"wp","href":"https:\/\/api.w.org\/{rel}","templated":true}]}}